et b(k) = -3*k + 12. Suppose 47*i - 22*i - 200 = 0. Calculate b(i).
-12
Let f be (8 - (-135)/(-18))/(2/8). Let c(b) be the second derivative of b**3/2 - b**2 + b. Calculate c(f).
4
Let q(o) = -2*o + 1649*o**2 - 1650*o**2 + 6*o + 10. What is q(5)?
5
Suppose 192 = 5*k - 2*t, -2*k - 4*t = -t - 92. Let v(q) = -k*q + 84*q - 39*q. Calculate v(2).
10
Let u be (-2)/4*20/(-2). Suppose t - 18 = -u*t. Let s(w) = -5*w - 9*w**3 + 3*w**2 + 10*w**t - 2 + w**2. What is s(-5)?
-2
Let b = 52 + -37. Let a be b/(-4) - (-6)/8. Let l be a*1 - (-24)/(-6). Let m(u) = 2*u + 8. What is m(l)?
-6
Let t(x) = x**3 + x**2 - x + 5. Let f be t(0). Suppose -3*w - r + 2*r + 11 = 0, -2*w + f = -3*r. Let h(s) = -4*s**2 + 0*s**2 + 3*s**2 + 5*s + 2. What is h(w)?
6
Let n(j) = j**3 - 4*j**2 - 8*j + 5. Let b be n(5). Let f = b + 6. Let d(s) = 5*s - 5. Let q(i) = -6*i + 5. Let a(z) = f*q(z) - 5*d(z). Give a(6).
-1
Let p be 2 - ((0 - 2) + 1). Let g(u) = -u**2 - u + 2*u**2 - 2*u**3 + p*u. Let c be (-325)/25 - 60/(-4). Give g(c).
-8
Let j be -2 + (4 - 4) + 13. Let t(d) = 13*d**2 + 3*d + 1. Let x(b) = 40*b**2 + 8*b + 3. Let u(c) = j*t(c) - 4*x(c). Calculate u(1).
-17
Suppose -5*a + a = 44. Let o = a - -5. Let c(q) = -q**2 - 6*q - 10. Let v(b) = -b**2 - 6*b - 8. Let g(l) = -4*c(l) + 5*v(l). Calculate g(o).
0
Let j be (-15)/2*((-129)/15 + 7). Let r(m) = -m**3 + 13*m**2 - 13*m + 10. What is r(j)?
-2
Let i(d) = -9*d - 124. Let h be i(-13). Let y(v) = -v**3 + 7*v**2 - v - 6. Let r(j) = j**3 - 1. Let p(z) = -2*r(z) - y(z). Calculate p(h).
1
Suppose 4*o - 16 = 2*o + 2*n, 3*n + 9 = -2*o. Let x(s) = -s**3 + s**2 + 3*s. Let l(j) = -j**2 + 2*j - 1. Let d(q) = 2*l(q) - x(q). Give d(o).
1
Let z(i) = -i**2 + i. Let y = 165 - 161. What is z(y)?
-12
Let y(c) be the first derivative of 3*c**2/2 - c - 184. Give y(-1).
-4
Let y(x) = -8*x - 1. Let u(h) = 3*h - 1. Let b be u(1). Suppose b*g = 2, 0 = 2*t - t + 5*g - 1. Let p(d) = 9*d + 1. Let s(z) = t*p(z) - 3*y(z). Determine s(-1).
11
Let i(q) be the second derivative of -q**5/20 - q**4/3 - q**3/3 - q**2 + 2*q - 13. Give i(-3).
-5
Let h(i) = -23*i**2 - 2*i**2 + 52*i**2 - 28*i**2 + i**3. Let g be 8/(-6)*3*-1. Suppose -5*p = -2*p - 2*x - 16, -g*x - 16 = 2*p. Give h(p).
4
Let w(q) = 3*q**2 - 4*q - 8. Let u(b) = 2*b**2 - 4*b - 7. Let g(i) = 4*u(i) - 3*w(i). Determine g(-4).
-4
Suppose -20 = 5*g - 0. Let s(p) = 5*p**3 - p**2 + 3*p - 1. Let b(y) = -y**3 - y + 1. Let o(j) = g*b(j) - s(j). What is o(0)?
-3
Let j(c) be the second derivative of c**5/20 + 5*c**4/12 - 5*c**3/6 + 3*c**2 - 133*c - 1. Suppose 4*d = -3*w + 5*d - 20, 4*w + d = -22. Determine j(w).
0
Let z(d) be the third derivative of -d**5/60 - 5*d**4/8 + 14*d**3/3 + 156*d**2. Give z(-17).
-6
Suppose -5*d + 0*d + 30 = 0. Let n(a) = 3 - 1 + a - d + 2. Let y(j) = j**2 + 3*j - 4. Let l be y(-3). Determine n(l).
-6
Suppose -4*m + 10 = 3*n, 7*n + 11*m - 7*m = 2. Let b(u) be the second derivative of u**4/12 - u**3/2 - u**2 + u. What is b(n)?
8
Let q(a) = -a**3 + 6*a**2 + 9*a - 5. Let j = 387 + -380. Calculate q(j).
9
Let h(d) = -3*d - 3. Let v(g) = -4*g - 4. Let q(o) = -7*h(o) + 6*v(o). Let r be 1 - (-3 + 1 + -1). Suppose r*f + f = -10. What is q(f)?
3
Let f(m) = -m**2 - 6*m - 2. Let i(n) be the second derivative of -n**4/12 - 5*n**3/6 - n**2/2 + 17*n. Let t(s) = 6*f(s) - 5*i(s). Calculate t(-7).
21
Let i(y) = -5 + 811*y**2 + y - 5*y - 808*y**2 + y**3. Let m = -14 - -10. Give i(m).
-5
Let k(l) = l**2 - 15*l + 18. Let n be (-252)/7*((-44)/(-12) - 4). Determine k(n).
-18
Let b(d) = d**3 + 12*d**2 + 4*d - 5. Let t be b(-10). Let y(r) = 155*r - 2 - 311*r + t*r. What is y(-4)?
2
Let n(m) = -m. Suppose -205 = -2*v - t, -v - 8*t + 4*t + 99 = 0. Let j = v + -107. Determine n(j).
4
Let p(j) = -j**2 + 5*j - 6. Suppose 32*r - 174 = 3*r. Give p(r).
-12
Let x(z) be the second derivative of -z**4/6 - z**3/6 + z**2/2 - 12*z - 2. Calculate x(2).
-9
Let o(l) = -4*l - 5*l**2 - 1 + 2*l + 4*l**2 - 2*l**3. Suppose 3*x + 2*n = 2*x + 3, 4*n - 13 = 5*x. What is o(x)?
2
Let i(q) = -q + 3 + 3 + 2. Suppose 210 = 42*m - 7*m. Determine i(m).
2
Let b(r) = 8*r**2 - 37*r + 1. Let z(q) = -q**2 + 5*q - 1. Let t(i) = -b(i) - 7*z(i). Calculate t(3).
3
Let p(y) = -3*y**2 - 5*y + 4. Suppose 0 = -55*b + 9*b + 138. Give p(b).
-38
Let d(v) = 2*v**2 + 12*v - 2. Let l be -4 + 1 + 2 + -5. Let j be d(l). Let z(h) = h**2 - 2*h - 3. Calculate z(j).
5
Let j = 1250 + -331. Let r(s) = j + 9*s - 919. Give r(-1).
-9
Let c(w) = -6*w**3 - 2*w**2 + w + 1. Let g(i) = -2*i**2 - 10*i - 7. Let s be g(-4). Give c(s).
-6
Let c(l) = -29*l - 149. Let f be c(-5). Let z(y) be the third derivative of y**4/24 + y**3/2 - 3*y**2. What is z(f)?
-1
Let x(p) = -p**3 - p**2 + 1. Let m(b) = -5*b**3 + 4*b + 6. Suppose -g + 11 = 15. Let s(i) = g*x(i) + m(i). Determine s(5).
-3
Let k(h) = 2*h**3 - 2*h**2 + 2*h**2 + 2*h - 47*h**2 + 46*h**2. Determine k(2).
16
Let i(v) = -v - 17. Let d be (-28 - -28)/(1*-1). Determine i(d).
-17
Let l be 74/4 - (-2)/(-4). Let v(c) = 4*c - 5*c - l*c**2 + 8*c**2 + 8*c**2 - 4*c**3. Give v(-1).
3
Let s(l) be the second derivative of l**5/20 - 5*l**3/6 - l**2 + 50*l + 2. What is s(4)?
42
Let u(p) = -20*p**2 + 14*p + 11. Let a(c) = 7*c**2 - 5*c - 4. Let h(x) = 17*a(x) + 6*u(x). Let r be (-2)/1*(-9)/(-6). Let f be 0/r + (-6)/2. Determine h(f).
-8
Let q(a) = -96*a**2 - 14*a + 16. Let f(h) = 19*h**2. Let c(m) = -5*f(m) - q(m). Calculate c(-15).
-1
Let i(x) = -5*x + 4*x - 3 + 2 + 2. Suppose 0 = -4*q - 1 + 17. Suppose -2 = -0*h + 3*h + 4*a, -3*a = q*h - 9. Give i(h).
-5
Let y = -3 - -8. Suppose 0 = u + 4*l - 8, y*u + l + 3*l - 24 = 0. Suppose -1 - 3 = 2*b - u*v, 4*b + 3*v - 36 = 0. Let g(z) = z**2 - 7*z + 1. Give g(b).
-5
Let n(p) = 0*p**2 - 8*p**2 + 6*p**2 + 0*p**2 + 3 + 6*p. Let a be n(8). Let i be 128/22 + (-14)/a. Let v(t) = t**2 - 9*t + 8. What is v(i)?
-10
Let f be (-2352)/(-210) - (-2)/(-10). Let r(n) = n**3 - 12*n**2 + 11*n - 3. Let w(t) = 2*t**3 - 24*t**2 + 22*t - 6. Let d(b) = 5*r(b) - 3*w(b). Calculate d(f).
3
Let w(j) = 6*j + 2. Let h(p) = p. Let s(t) = -8*h(t) + w(t). Let k be s(4). Let c(x) = 2 - 10 - x + 5*x + 2*x**2 - x**2. Give c(k).
4
Let y be (-8)/(-20)*1 + (-66)/(-10). Let o be ((-2)/3)/(6/(-27)). Let g(h) = h + h - y - h + o. Give g(-6).
-10
Suppose 0*h = h + 3. Let z(i) be the first derivative of -i**2 - 4*i + 236. Determine z(h).
2
Let b(i) = 7*i - 7. Let k(c) = 3*c - 3 + 0 + 0*c. Let v(l) = 4*b(l) - 9*k(l). What is v(5)?
4
Let r(y) = 31*y + 27. Let u(c) = -9*c - 7. Let p(t) = -2*r(t) - 7*u(t). Let v be ((-4)/6)/(4/(-42)). Determine p(v).
2
Let t(s) = s**2 + s. Let m(k) = -4*k**2 - 2*k. Let f be 112/(-18) + (-4)/(-18). Let d(b) = f*t(b) - 3*m(b). Let y be ((-2)/10)/((-9)/(-45)). Calculate d(y).
6
Let i(d) = 8*d**2 + d + 48 + 3*d - 5*d + d**2 + d**3 - 36. Give i(-9).
21
Let j(d) = -2*d**2 + 2*d + 11. Let b be j(3). Let c(r) = 29*r**2 + 2*r + 1. Give c(b).
28
Let v(c) = 255 - 86 - 92 + 4*c - 93. Determine v(5).
4
Let i(h) be the first derivative of 2*h**4/3 - 11*h - 14. Let z(x) be the first derivative of i(x). Give z(-1).
8
Let l(f) = 3*f**2 + 4*f + 5. Let h(s) = -4*s**2 - 5*s - 6. Let g(d) = -2*h(d) - 3*l(d). Let q = -233 - -229. What is g(q)?
-11
Let u(d) be the second derivative of d**3/2 - 7*d**2/2 + 3*d. Let i be u(6). Suppose -3*p - 1 = i. Let w(r) = 4*r - 3. Determine w(p).
-19
Let d(t) = -9*t + 2 + 2 - 5 + 10*t + 0*t. Calculate d(-5).
-6
Let i(h) = -10*h. Let p be 68 - 70 - (-2 + 2)/(-3). Give i(p).
20
Let h(g) be the third derivative of g**4/24 - g**3/2 - 3*g**2. Let y be h(5). Let q(z) = -y*z + 9 + 6*z - 6*z + z. What is q(7)?
2
Let y(z) = -4*z. Let w(k) = -21*k - 4. Let i(l) = -w(l) + 5*y(l). Calculate i(2).
6
Let o(w) = -w - 8. Let l be o(-7). Suppose 52 - 10 = -7*i. Let y(f) = -f**2 - f. Let q(b) = -16*b**2 - 6*b. Let c(t) = i*y(t) + q(t). Give c(l).
-10
Let m = 2 + 4. Let i(u) be the second derivative of u**4/12 - 4*u**3/3 + 3*u**2 - 141*u. Calculate i(m).
-6
Let z(j) = 5*j - 1. Let m be (-3)/(-2)*-1*-2. Give z(m).
14
Let c(o) = o**3 - 4*o**2 + 4*o. Let q(d) be the second derivative of -d**4/12 + 3*d**3/2 - 5*d**2/2 + 5*d. Let k be q(8). Calculate c(k).
3
Suppose 4*v = -25*v + 174. Let i(y) = -2*y**3 + 7*y**2 + y - 5. Let t(n) = n**3 - n**2 - n + 1. Let r(h) = -i(h) - t(h). Calculate r(v).
4
Let f(n) = -171*n**2 + 9*n + 82*n**2 -